tor of 72 and d?
24
Let j(u) be the first derivative of u**3/3 - 3*u**2 + 18*u - 22. Let z be j(7). Calculate the greatest common factor of z and 25.
25
Let a be 0 + (-48)/(2/(-2)). Suppose 5*s - 2 = -5*z + a, -6 = -z + 3*s. Suppose 9*y - 3*y = 270. What is the highest common factor of y and z?
9
Let r be (-49)/(-63) + (-2)/(-9). Suppose 28 = 5*m - 4*w, m - 3*w + 0 + r = 0. Let t be 4/6 - 4/(-3). What is the greatest common divisor of t and m?
2
Let w = -12 - -42. Let y(c) = 6*c**2 + 3*c + 5. Let f be y(7). Suppose -16 = -4*z, -2*z = 4*a + 3*z - f. What is the greatest common factor of w and a?
15
Let d be 18/8 - 25868/(-464). What is the greatest common factor of 1450 and d?
58
Suppose -3*c = -c + 170. Let i = c - -102. Calculate the highest common factor of 68 and i.
17
Suppose 3*m = 5*m - 50. Let b be (-4)/10 - (5 - 1035/m). Calculate the highest common factor of b and 90.
18
Let u = 430 - 304. Let p be 1 - (-1)/(2/26). What is the greatest common factor of u and p?
14
Suppose 4*s - 14 - 94 = 0. Calculate the highest common factor of s and 15.
3
Let d be 7/(-2)*(-4 - (-72)/(-42)). Calculate the greatest common factor of 150 and d.
10
Suppose -4*k = -7322 + 6770. What is the highest common divisor of k and 437?
23
Suppose 3*s = s - 4. Let f be (s/8)/(8/(-544)). Suppose 5*n = 2*h + 193 + 667, 0 = -n + 4*h + 190. What is the greatest common divisor of f and n?
17
Let u(o) = -47*o**3 - 2*o**2 + 8*o + 9. Let p be u(-2). Calculate the greatest common divisor of 19 and p.
19
Let v = -14 + 16. Suppose -v*j = -7*j + 20. Suppose 4*a - j*m = 75 + 65, 0 = 5*a + 2*m - 140. Calculate the greatest common divisor of 10 and a.
10
Suppose -10*z = -596 - 64. Calculate the greatest common factor of 6 and z.
6
Suppose -2*o = 35 + 29. Let f = 55 + o. Calculate the highest common divisor of f and 115.
23
Let p be (10/15)/(9/729). Calculate the greatest common divisor of p and 72.
18
Let f be 108/(-8) + 9/(-6). Let c be (-6)/f*(33 + -3). Suppose -31*a = -29*a - 60. What is the greatest common factor of a and c?
6
Let p = 869 - 778. What is the greatest common divisor of p and 286?
13
Let x(z) = z**3 - 7*z**2 - 6*z - 16. Let g be x(8). Suppose 0*k + 75 = 5*j - 2*k, 3*j + 5*k - 45 = g. Calculate the highest common factor of j and 60.
15
Suppose 6*w - w = 25. Let i = 86 - w. Calculate the greatest common divisor of i and 9.
9
Suppose q - 4*q + 84 = -d, 0 = 2*d - 6. Let y = q - -85. What is the highest common factor of 76 and y?
38
Let l be ((-70)/10)/((-9)/171). What is the greatest common divisor of l and 95?
19
Let s(i) = -i**3 + 2*i**2 - 2*i + 3. Let o be s(2). Let h be (84/(-10))/(o/5). Let c = 851 + -823. Calculate the greatest common factor of h and c.
14
Suppose 7526 = 7*r + 1639. What is the greatest common divisor of 29 and r?
29
Let c be (0 + (3 - 4))*-92. Let w = c - 74. Calculate the greatest common divisor of w and 24.
6
Let o = -215 - -285. What is the greatest common factor of 1190 and o?
70
Suppose -2*g = -0*w + 4*w - 110, 0 = 4*w + 8. Let q = g + -44. Calculate the highest common divisor of 75 and q.
15
Let r = 34 + 146. Suppose 30*f = 21*f + r. Calculate the highest common factor of f and 50.
10
Suppose 58*u + 108 = 67*u. Calculate the highest common divisor of u and 8.
4
Suppose 5*n - 35 = 2*v, -27*n = -30*n - v + 10. What is the greatest common factor of 65 and n?
5
Let o(j) = j**2 - j - 9. Suppose 2*x + 6 = -10. Let d be o(x). Calculate the greatest common factor of d and 7.
7
Let x be 15/(-2)*(-90)/27. Let k = x - 19. Calculate the highest common divisor of k and 2.
2
Suppose -4*l + 5*o + 12 = 0, -4*l - 3*o - 2*o = -52. Suppose -l = -3*t + 1. Suppose -i + t*i = 28. Calculate the highest common divisor of i and 70.
14
Suppose -88 = -3*v + 2. Suppose i - 6 = 3. Suppose 3*w - i = 27. What is the greatest common divisor of v and w?
6
Let b(a) be the third derivative of a**5/60 + a**4/12 - 15*a**2. Let g be b(-4). Calculate the greatest common divisor of 24 and g.
8
Suppose 1039 - 79 = 6*a. Suppose -9 = -k + 11. What is the greatest common factor of a and k?
20
Let b(q) = -q**3 - 1. Let r be b(2). Let w be 3/r - 42/(-18). Calculate the highest common divisor of 16 and w.
2
Suppose 2*d - 3*d - 93 = -3*u, 3*d - 124 = -4*u. What is the greatest common divisor of u and 341?
31
Let c be (12/4)/(6/4). Suppose 5*k - 85 = 2*q, -4*k = -9*k + 5*q + 85. Let v = k - c. Calculate the greatest common factor of 120 and v.
15
Let t(u) = u**3 + u**2 - u + 9. Let r be t(0). Let o be ((-79)/(-3))/(3/r). Suppose o = 3*y - 83. What is the highest common divisor of 135 and y?
27
Let x be ((-79)/(-2) - 2)*2. Let j = -523 + 538. Calculate the greatest common factor of x and j.
15
Let s(w) be the second derivative of -w - 1/2*w**2 - 1/6*w**3 + 0. Let k be s(-2). Calculate the greatest common factor of k and 11.
1
Let v be -5 - (2/(-4))/(22/924). Calculate the highest common divisor of 656 and v.
16
Let n = 257 - 193. What is the greatest common factor of 32 and n?
32
Suppose 8*l - 15 = 3*l. Suppose -b = c - 10, 4 + 2 = l*c. Suppose -20*v = -255 + 15. What is the greatest common factor of v and b?
4
Suppose -27*g + 423 - 99 = 0. Let p = -26 + 50. What is the greatest common divisor of g and p?
12
Let m(d) = -37*d**3 + 3*d**2 - 2*d - 4. Let y be m(-1). What is the greatest common divisor of y and 1178?
38
Let f(n) = -n**3 + n**2 - 3*n - 4. Let q be f(3). Let u = q + 83. Calculate the highest common divisor of 13 and u.
13
Suppose -17*p = -15*p - 28. Suppose o + o + 3*h - 29 = 0, -2*h = -2*o + p. Calculate the highest common factor of o and 30.
10
Let t = 88 + -223. Let j = t - -414. What is the greatest common divisor of 31 and j?
31
Let l be 2*-17*(-1)/2. Suppose 5*w + 3*a - 202 = 62, -249 = -5*w + 2*a. What is the greatest common divisor of w and l?
17
Let o be 15/3*-11*1. Let x be (-265)/o + 2/11. Suppose -357 = -x*j + 23. What is the highest common divisor of j and 19?
19
Let z(q) = -q + 19. Let n be z(7). Let f be 9*7/((-7)/(-12)). What is the highest common factor of n and f?
12
Suppose -k - 3*k - 36 = 0. Let c be k/((-1)/((-10)/(-3))). Suppose 0 = -10*m + 44 + 6. What is the greatest common factor of m and c?
5
Suppose -4*k + 117 = -k. Suppose 3*x + 4*h - 58 = 0, 4*x + 5*h = 44 + 35. Calculate the greatest common factor of k and x.
13
Let h(u) = -6*u**2 - 9*u - 9. Let k be h(-3). Let v = k - -68. What is the greatest common divisor of v and 8?
8
Let k(j) = 19*j + 11. Let f be k(3). Let a = 30 - 13. Calculate the greatest common factor of f and a.
17
Suppose 2*n + 165 = -9*n. Let j = -14 - n. What is the greatest common factor of j and 8?
1
Suppose 15*j + 27 = 18*j. Suppose 28 - 388 = -j*m. Let d(k) = k + 9. Let b be d(-4). Calculate the highest common factor of m and b.
5
Let q = 12 - 6. Suppose n - 23 = 19. What is the highest common divisor of n and q?
6
Suppose 10*l - 99 = 341. Calculate the highest common factor of 352 and l.
44
Suppose -2*v = -q + 2, -5*q = -v + 2*v - 21. What is the highest common factor of q and 64?
4
Let j(y) = -7*y. Let n = 11 + -13. Let o be j(n). What is the greatest common divisor of o and 56?
14
Let o(t) = -4*t - 6. Let a be o(-4). What is the greatest common factor of 230 and a?
10
Suppose 2*h = -2*h + 4*p + 408, -2 = 2*p. Suppose 19 = 6*b - h. What is the highest common factor of 100 and b?
20
Let i = -1484 - -1547. What is the highest common divisor of i and 7?
7
Let j be 6/9 - 287*4/(-6). Let u be (j/(-20))/((-2)/15). What is the highest common factor of u and 9?
9
Suppose 134 = 3*l + 2*r, -2*l - r + 101 = 13. Let m = -2 + 5. Let v be (0 - 1) + m + 26. What is the highest common divisor of v and l?
14
Let y = 8 + -10. Let p be (2 + -3*4)/y. Let r(s) = -s**3 - 9*s**2 + 9*s - 5. Let u be r(-10). What is the greatest common divisor of u and p?
5
Let d be (-3)/(3*5/(-235)). Let w = d + -45. What is the greatest common divisor of w and 14?
2
Let m(g) = 3*g + 2. Let t be m(6). Suppose j + 2*b - 3*b - 22 = 0, 92 = 5*j + 4*b. What is the highest common factor of t and j?
20
Let b(s) = -3*s - 1. Let m be (-2)/(-4)*-1*4. Let g be b(m). Let o = 283 - 268. Calculate the highest common divisor of g and o.
5
Let r = 662 - 644. What is the greatest common factor of 396 and r?
18
Suppose 4002*h - 4015*h + 26 = 0. Let k be 8/(-6)*(-12)/1. Calculate